{"id":135,"date":"2025-12-15T01:01:36","date_gmt":"2025-12-15T00:01:36","guid":{"rendered":"https:\/\/klubostrowite.geekhost.pl\/?page_id=135"},"modified":"2025-12-15T01:19:30","modified_gmt":"2025-12-15T00:19:30","slug":"polityka-prywatnosci","status":"publish","type":"page","link":"https:\/\/klubostrowite.geekhost.pl\/?page_id=135","title":{"rendered":"POLITYKA PRYWATNO\u015aCI"},"content":{"rendered":"\n<p><strong>Administrator:<\/strong>&nbsp;Gminny Klub Dzieci\u0119cy w Ostrowitem, b\u0119d\u0105cy gminn\u0105 jednostk\u0105 bud\u017cetow\u0105 Gminy Ostrowite.<br><strong>Adres siedziby:<\/strong>&nbsp;ul. Szkolna 4, 62-402 Ostrowite.<br><strong>NIP:<\/strong>&nbsp;667-177-75-52<br><strong>Kontakt w sprawach ochrony danych:<\/strong><\/p>\n\n\n\n<ul class=\"wp-block-list\">\n<li>E-mail:\u00a0<strong>ugmostrowite@post.pl<\/strong>\u00a0(z dopiskiem \u201eOchrona Danych \u2013 Klub Dzieci\u0119cy\u201d)<\/li>\n\n\n\n<li>Telefon: 63 276 51 60<\/li>\n\n\n\n<li>Listownie: na adres siedziby Klubu.<\/li>\n<\/ul>\n\n\n\n<p><strong>Ostatnia aktualizacja:<\/strong>&nbsp;[DATA]<br>Administratorem Pa\u0144stwa danych osobowych jest Gminny Klub Dzieci\u0119cy w Ostrowitem, ul. Szkolna 4, 62-402 Ostrowite, zwany dalej \u201eKlubem\u201d.<\/p>\n\n\n\n<p><strong>1. Cel i zakres zbierania danych.<\/strong><br>Zbieramy dane osobowe wy\u0142\u0105cznie w celach zwi\u0105zanych z dzia\u0142alno\u015bci\u0105 statutow\u0105 Klubu, prowadzon\u0105 na podstawie Uchwa\u0142y Nr X\/111\/2019 Rady Gminy Ostrowite, w tym:<\/p>\n\n\n\n<ul class=\"wp-block-list\">\n<li><strong>Rejestracji i obs\u0142ugi uczestnik\u00f3w:<\/strong>\u00a0Imi\u0119, nazwisko, data urodzenia dziecka, adres zamieszkania, dane kontaktowe rodzic\u00f3w\/opiekun\u00f3w prawnych (telefon, e-mail), informacje o zdrowiu dziecka (alergie, zalecenia lekarskie) niezb\u0119dne do zapewnienia bezpiecze\u0144stwa i w\u0142a\u015bciwej opieki.<\/li>\n\n\n\n<li><strong>Procesu rekrutacji:<\/strong>\u00a0Dane zawarte w karcie zg\u0142oszeniowej oraz dokumenty potwierdzaj\u0105ce spe\u0142nianie kryteri\u00f3w okre\u015blonych w statucie Klubu.<\/li>\n\n\n\n<li><strong>Komunikacji i marketingu:<\/strong>\u00a0Adres e-mail lub numer telefonu, aby informowa\u0107 Pa\u0144stwa o zaj\u0119ciach, wydarzeniach klubowych (np. drzwiach otwartych), zmianach w harmonogramie lub pilnych sprawach. Dane te przetwarzamy na podstawie zgody lub prawnie uzasadnionego interesu Klubu.<\/li>\n\n\n\n<li><strong>Fakturowania i rozlicze\u0144:<\/strong>\u00a0Dane niezb\u0119dne do wystawienia faktury lub umowy za us\u0142ugi Klubu oraz w celu realizacji obowi\u0105zk\u00f3w podatkowych jednostki bud\u017cetowej.<\/li>\n\n\n\n<li><strong>Bezpiecze\u0144stwa:<\/strong>\u00a0Monitoring wizyjny na terenie Klubu (wy\u0142\u0105cznie w miejscach wsp\u00f3lnych, oznaczonych) w celu zapewnienia bezpiecze\u0144stwa os\u00f3b i mienia, co stanowi prawnie uzasadniony interes administratora.<\/li>\n<\/ul>\n\n\n\n<p><strong>2. Podstawa prawna przetwarzania.<\/strong><\/p>\n\n\n\n<ul class=\"wp-block-list\">\n<li>Konieczno\u015b\u0107 wykonania umowy (art. 6 ust. 1 lit. b RODO) \u2013 dotycz\u0105cej uczestnictwa dziecka w zaj\u0119ciach Klubu.<\/li>\n\n\n\n<li>Obowi\u0105zek prawny ci\u0105\u017c\u0105cy na administratorze (art. 6 ust. 1 lit. c RODO) \u2013 np. w zakresie rozlicze\u0144 podatkowych, prowadzenia rejestru klub\u00f3w dzieci\u0119cych.<\/li>\n\n\n\n<li>Prawnie uzasadniony interes administratora (art. 6 ust. 1 lit. f RODO) \u2013 np. dochodzenie roszcze\u0144, marketing bezpo\u015bredni w\u0142asnych us\u0142ug, zapewnienie bezpiecze\u0144stwa poprzez monitoring.<\/li>\n\n\n\n<li>Zgoda (art. 6 ust. 1 lit. a RODO) \u2013 na otrzymywanie newslettera lub na przetwarzanie wizerunku.<\/li>\n\n\n\n<li>Szczeg\u00f3lne kategorie danych (dane o zdrowiu) \u2013 przetwarzamy wy\u0142\u0105cznie na podstawie wyra\u017anej, pisemnej zgody (art. 9 ust. 2 lit. a RODO) niezb\u0119dnej do zapewnienia w\u0142a\u015bciwej opieki nad dzieckiem.<\/li>\n<\/ul>\n\n\n\n<p><strong>3. Okres przechowywania danych.<\/strong><\/p>\n\n\n\n<ul class=\"wp-block-list\">\n<li>Dane uczestnik\u00f3w oraz dokumentacja rekrutacyjna przechowywane s\u0105 przez czas trwania umowy, a nast\u0119pnie przez okres wymagany przepisami prawa (w szczeg\u00f3lno\u015bci ustaw\u0105 o finansach publicznych i ustaw\u0105 o podatku od towar\u00f3w i us\u0142ug \u2013\u00a0<strong>5 lat od ko\u0144ca roku kalendarzowego<\/strong>, w kt\u00f3rym zako\u0144czono \u015bwiadczenie us\u0142ugi).<\/li>\n\n\n\n<li>Dane kontaktowe do cel\u00f3w marketingowych przechowujemy do momentu cofni\u0119cia zgody.<\/li>\n\n\n\n<li>Nagrania z monitoringu usuwamy nie p\u00f3\u017aniej ni\u017c po\u00a0<strong>30 dniach<\/strong>, chyba \u017ce stanowi\u0105 dow\u00f3d w sprawie.<\/li>\n\n\n\n<li>Informacje zwi\u0105zane z realizacj\u0105 obowi\u0105zk\u00f3w prawnych przechowujemy przez okresy wskazane w przepisach szczeg\u00f3lnych.<\/li>\n<\/ul>\n\n\n\n<p><strong>4. Prawa os\u00f3b, kt\u00f3rych dane dotycz\u0105.<\/strong><br>Przys\u0142uguj\u0105 Pa\u0144stwu prawo do: dost\u0119pu do swoich danych, ich sprostowania, usuni\u0119cia (\u201eprawo do bycia zapomnianym\u201d) \u2013 w przypadkach przewidzianych prawem, ograniczenia przetwarzania, wniesienia sprzeciwu, przenoszenia danych oraz cofni\u0119cia zgody w dowolnym momencie (cofni\u0119cie zgody nie wp\u0142ywa na zgodno\u015b\u0107 z prawem przetwarzania przed jej cofni\u0119ciem). \u017b\u0105dania mo\u017cna sk\u0142ada\u0107 na dane kontaktowe Administratora.<\/p>\n\n\n\n<p><strong>5. Odbiorcy danych.<\/strong><br>Dane mog\u0105 by\u0107 udost\u0119pniane:<\/p>\n\n\n\n<ul class=\"wp-block-list\">\n<li>Upowa\u017cnionym pracownikom i wsp\u00f3\u0142pracownikom Klubu oraz organowi prowadz\u0105cemu (Gminie Ostrowite).<\/li>\n\n\n\n<li>Podmiotom przetwarzaj\u0105cym dane na nasze zlecenie (tzw. podmiotom przetwarzaj\u0105cym), np. dostawcom oprogramowania ksi\u0119gowego, hostingodawcy strony, firmie obs\u0142uguj\u0105cej monitoring \u2013 wy\u0142\u0105cznie na podstawie um\u00f3w powierzenia i z zachowaniem wymog\u00f3w RODO.<\/li>\n\n\n\n<li>Organom pa\u0144stwowym (np. Urz\u0119dowi Skarbowemu, ZUS) wy\u0142\u0105cznie na podstawie obowi\u0105zuj\u0105cych przepis\u00f3w prawa.<\/li>\n<\/ul>\n\n\n\n<p><strong>6. Skarga do organu nadzorczego.<\/strong><br>Przys\u0142uguje Pa\u0144stwu prawo wniesienia skargi do Prezesa Urz\u0119du Ochrony Danych Osobowych, je\u015bli uznaj\u0105 Pa\u0144stwo, \u017ce przetwarzanie danych osobowych narusza przepisy RODO.<\/p>\n","protected":false},"excerpt":{"rendered":"<p>Administrator:&nbsp;Gminny Klub Dzieci\u0119cy w Ostrowitem, b\u0119d\u0105cy gminn\u0105 jednostk\u0105 bud\u017cetow\u0105 Gminy Ostrowite.Adres siedziby:&nbsp;ul. Szkolna 4, 62-402 Ostrowite.NIP:&nbsp;667-177-75-52Kontakt w sprawach ochrony danych: Ostatnia aktualizacja:&nbsp;[DATA]Administratorem Pa\u0144stwa danych osobowych jest Gminny Klub Dzieci\u0119cy w Ostrowitem, ul. Szkolna 4, 62-402 Ostrowite, zwany dalej \u201eKlubem\u201d. 1. Cel i zakres zbierania danych.Zbieramy dane osobowe wy\u0142\u0105cznie w celach zwi\u0105zanych z dzia\u0142alno\u015bci\u0105 statutow\u0105 Klubu, [&hellip;]<\/p>\n","protected":false},"author":1,"featured_media":0,"parent":0,"menu_order":0,"comment_status":"closed","ping_status":"closed","template":"","meta":{"footnotes":""},"class_list":["post-135","page","type-page","status-publish","hentry"],"_links":{"self":[{"href":"https:\/\/klubostrowite.geekhost.pl\/index.php?rest_route=\/wp\/v2\/pages\/135","targetHints":{"allow":["GET"]}}],"collection":[{"href":"https:\/\/klubostrowite.geekhost.pl\/index.php?rest_route=\/wp\/v2\/pages"}],"about":[{"href":"https:\/\/klubostrowite.geekhost.pl\/index.php?rest_route=\/wp\/v2\/types\/page"}],"author":[{"embeddable":true,"href":"https:\/\/klubostrowite.geekhost.pl\/index.php?rest_route=\/wp\/v2\/users\/1"}],"replies":[{"embeddable":true,"href":"https:\/\/klubostrowite.geekhost.pl\/index.php?rest_route=%2Fwp%2Fv2%2Fcomments&post=135"}],"version-history":[{"count":2,"href":"https:\/\/klubostrowite.geekhost.pl\/index.php?rest_route=\/wp\/v2\/pages\/135\/revisions"}],"predecessor-version":[{"id":146,"href":"https:\/\/klubostrowite.geekhost.pl\/index.php?rest_route=\/wp\/v2\/pages\/135\/revisions\/146"}],"wp:attachment":[{"href":"https:\/\/klubostrowite.geekhost.pl\/index.php?rest_route=%2Fwp%2Fv2%2Fmedia&parent=135"}],"curies":[{"name":"wp","href":"https:\/\/api.w.org\/{rel}","templated":true}]}}