{"id":137,"date":"2025-12-15T01:01:59","date_gmt":"2025-12-15T00:01:59","guid":{"rendered":"https:\/\/klubostrowite.geekhost.pl\/?page_id=137"},"modified":"2025-12-15T01:20:07","modified_gmt":"2025-12-15T00:20:07","slug":"polityka-plikow-cookies-ciassteczek","status":"publish","type":"page","link":"https:\/\/klubostrowite.geekhost.pl\/?page_id=137","title":{"rendered":"POLITYKA PLIK\u00d3W \u201eCOOKIES\u201d (CIASSTECZEK)"},"content":{"rendered":"\n<p><strong>1<\/strong><strong>. Czym s\u0105 pliki cookies?<\/strong><br>To ma\u0142e pliki tekstowe zapisywane na urz\u0105dzeniu ko\u0144cowym (komputerze, smartfonie) u\u017cytkownika podczas przegl\u0105dania strony internetowej. S\u0105 one wykorzystywane w celu zapewnienia prawid\u0142owego dzia\u0142ania strony, zapami\u0119tywania preferencji oraz zbierania anonimowych statystyk.<\/p>\n\n\n\n<p><strong>2. Jak wykorzystujemy cookies na stronie Gminnego Klubu Dzieci\u0119cego?<\/strong><\/p>\n\n\n\n<ul class=\"wp-block-list\">\n<li><strong>Niezb\u0119dne:<\/strong>\u00a0Umo\u017cliwiaj\u0105 podstawowe funkcjonowanie strony (np. nawigacj\u0119, bezpieczne logowanie do strefy rodzica). Bez nich strona nie dzia\u0142a\u0142aby poprawnie.<\/li>\n\n\n\n<li><strong>Wydajno\u015bciowe\/Analityczne:<\/strong>\u00a0Zbieraj\u0105 anonimowe informacje o sposobie korzystania ze strony (np. przez narz\u0119dzie Google Analytics). Pozwalaj\u0105 nam zrozumie\u0107, kt\u00f3re informacje s\u0105 najbardziej potrzebne rodzicom i ulepsza\u0107 witryn\u0119.\u00a0<strong>Nie zbieraj\u0105 danych identyfikuj\u0105cych konkretn\u0105 osob\u0119.<\/strong><\/li>\n\n\n\n<li><strong>Funkcjonalne:<\/strong>\u00a0Zapami\u0119tuj\u0105 wybrane przez u\u017cytkownika ustawienia (np. powi\u0119kszenie czcionki) dla zwi\u0119kszenia wygody.<\/li>\n\n\n\n<li><strong>Marketingowe (\u015aledz\u0105ce):<\/strong>\u00a0S\u0142u\u017c\u0105 do wy\u015bwietlania spersonalizowanych reklam.\u00a0<strong>Strona Gminnego Klubu Dzieci\u0119cego, jako jednostki bud\u017cetowej, NIE wykorzystuje w spos\u00f3b aktywny tego typu ciasteczek do cel\u00f3w komercyjnego marketingu.<\/strong><\/li>\n<\/ul>\n\n\n\n<p><strong>3. Zarz\u0105dzanie plikami cookies.<\/strong><br>Podczas pierwszej wizyty na stronie wy\u015bwietla si\u0119 baner informacyjny z pro\u015bb\u0105 o akceptacj\u0119 wykorzystania plik\u00f3w cookies innych ni\u017c niezb\u0119dne. Wyra\u017con\u0105 zgod\u0119 mo\u017cna w ka\u017cdej chwili cofn\u0105\u0107, zmieniaj\u0105c ustawienia w swojej przegl\u0105darce internetowej. Nale\u017cy pami\u0119ta\u0107, \u017ce wy\u0142\u0105czenie niekt\u00f3rych plik\u00f3w mo\u017ce wp\u0142yn\u0105\u0107 na komfort i funkcjonalno\u015b\u0107 przegl\u0105dania naszej strony.<\/p>\n","protected":false},"excerpt":{"rendered":"<p>1. Czym s\u0105 pliki cookies?To ma\u0142e pliki tekstowe zapisywane na urz\u0105dzeniu ko\u0144cowym (komputerze, smartfonie) u\u017cytkownika podczas przegl\u0105dania strony internetowej. S\u0105 one wykorzystywane w celu zapewnienia prawid\u0142owego dzia\u0142ania strony, zapami\u0119tywania preferencji oraz zbierania anonimowych statystyk. 2. Jak wykorzystujemy cookies na stronie Gminnego Klubu Dzieci\u0119cego? 3. Zarz\u0105dzanie plikami cookies.Podczas pierwszej wizyty na stronie wy\u015bwietla si\u0119 baner informacyjny [&hellip;]<\/p>\n","protected":false},"author":1,"featured_media":0,"parent":0,"menu_order":0,"comment_status":"closed","ping_status":"closed","template":"","meta":{"footnotes":""},"class_list":["post-137","page","type-page","status-publish","hentry"],"_links":{"self":[{"href":"https:\/\/klubostrowite.geekhost.pl\/index.php?rest_route=\/wp\/v2\/pages\/137","targetHints":{"allow":["GET"]}}],"collection":[{"href":"https:\/\/klubostrowite.geekhost.pl\/index.php?rest_route=\/wp\/v2\/pages"}],"about":[{"href":"https:\/\/klubostrowite.geekhost.pl\/index.php?rest_route=\/wp\/v2\/types\/page"}],"author":[{"embeddable":true,"href":"https:\/\/klubostrowite.geekhost.pl\/index.php?rest_route=\/wp\/v2\/users\/1"}],"replies":[{"embeddable":true,"href":"https:\/\/klubostrowite.geekhost.pl\/index.php?rest_route=%2Fwp%2Fv2%2Fcomments&post=137"}],"version-history":[{"count":2,"href":"https:\/\/klubostrowite.geekhost.pl\/index.php?rest_route=\/wp\/v2\/pages\/137\/revisions"}],"predecessor-version":[{"id":147,"href":"https:\/\/klubostrowite.geekhost.pl\/index.php?rest_route=\/wp\/v2\/pages\/137\/revisions\/147"}],"wp:attachment":[{"href":"https:\/\/klubostrowite.geekhost.pl\/index.php?rest_route=%2Fwp%2Fv2%2Fmedia&parent=137"}],"curies":[{"name":"wp","href":"https:\/\/api.w.org\/{rel}","templated":true}]}}